{"id":24,"date":"2010-10-05T18:29:12","date_gmt":"2010-10-05T16:29:12","guid":{"rendered":"http:\/\/lumulu.de\/blog\/"},"modified":"2019-07-31T16:15:13","modified_gmt":"2019-07-31T14:15:13","slug":"eigene-reise-taschenbucher","status":"publish","type":"page","link":"https:\/\/lumulu.de\/blog\/naheres-uber-unsere-reiseziele\/eigene-reise-taschenbucher\/","title":{"rendered":"Reise-Taschenb\u00fccher"},"content":{"rendered":"<p>Liebe Blogleser,<\/p>\n<p>auch schon bevor dieses wunderbare Medium des Blogs entstand, haben wir unsere Reisen dokumentiert. Dies haben wir in Form von Taschenb\u00fcchern gemacht, die wir mit viel Liebe und Hingabe selbst geschrieben, gestaltet und buchm\u00e4ssig formatiert haben. Es hat viel Spa\u00df gemacht, aber auch viel M\u00fche und den ein oder anderen Euro gekostet. Deshalb geniessen wir diesen Blog sehr, der uns so direkt, bereits von unterwegs aus, mit euch, der Leserin und dem Leser, verbindet.<\/p>\n<p>Dennoch m\u00f6chten wir eben nicht unerw\u00e4hnt lassen, dass wir B\u00fccher \u00fcber unsere erste Spanienreise (2005), \u00fcber unsere Nordlandreise (2006) in Verbindung mit dem Baltikum, \u00fcber Italien (2007) und unser Trekking im Himalaya\/Nepal (2008) geschrieben haben. Sollte jemand Interesse daran haben, kann er sich gerne mit uns in Verbindung setzen, es gibt noch ein paar Exemplare.<\/p>\n<p>Eure Weltenbummler<\/p>\n","protected":false},"excerpt":{"rendered":"<p>Liebe Blogleser, auch schon bevor dieses wunderbare Medium des Blogs entstand, haben wir unsere Reisen dokumentiert. Dies haben wir in Form von Taschenb\u00fcchern gemacht, die wir mit viel Liebe und Hingabe selbst geschrieben, gestaltet und buchm\u00e4ssig formatiert haben. Es hat &hellip; <a href=\"https:\/\/lumulu.de\/blog\/naheres-uber-unsere-reiseziele\/eigene-reise-taschenbucher\/\">Weiterlesen <span class=\"meta-nav\">&rarr;<\/span><\/a><\/p>\n","protected":false},"author":3,"featured_media":0,"parent":100,"menu_order":0,"comment_status":"open","ping_status":"closed","template":"","meta":{"footnotes":""},"class_list":["post-24","page","type-page","status-publish","hentry"],"_links":{"self":[{"href":"https:\/\/lumulu.de\/blog\/wp-json\/wp\/v2\/pages\/24","targetHints":{"allow":["GET"]}}],"collection":[{"href":"https:\/\/lumulu.de\/blog\/wp-json\/wp\/v2\/pages"}],"about":[{"href":"https:\/\/lumulu.de\/blog\/wp-json\/wp\/v2\/types\/page"}],"author":[{"embeddable":true,"href":"https:\/\/lumulu.de\/blog\/wp-json\/wp\/v2\/users\/3"}],"replies":[{"embeddable":true,"href":"https:\/\/lumulu.de\/blog\/wp-json\/wp\/v2\/comments?post=24"}],"version-history":[{"count":33,"href":"https:\/\/lumulu.de\/blog\/wp-json\/wp\/v2\/pages\/24\/revisions"}],"predecessor-version":[{"id":6357,"href":"https:\/\/lumulu.de\/blog\/wp-json\/wp\/v2\/pages\/24\/revisions\/6357"}],"up":[{"embeddable":true,"href":"https:\/\/lumulu.de\/blog\/wp-json\/wp\/v2\/pages\/100"}],"wp:attachment":[{"href":"https:\/\/lumulu.de\/blog\/wp-json\/wp\/v2\/media?parent=24"}],"curies":[{"name":"wp","href":"https:\/\/api.w.org\/{rel}","templated":true}]}}